te the highest common factor of q and b.
6
Let u(o) = -7*o + 39. Let v be u(6). Let f(j) = 2*j**3 + 7*j**2 - j - 1. Let y be f(v). What is the greatest common factor of 11 and y?
11
Let z = 6591 + 4410. Calculate the greatest common factor of 38 and z.
19
Let f(v) = -v**2 + 5*v + 48. Let i be f(10). Let m be (-19)/(2565/(-288)) + i/15. What is the highest common factor of m and 15?
1
Suppose 0 = -2882*g + 2873*g + 7200. Calculate the greatest common divisor of 240 and g.
80
Suppose -141*o = -126*o - 75. Suppose -o*r = 854 - 869. Let s = 76 - 43. Calculate the highest common factor of r and s.
3
Let v(o) = o**2 - 12*o + 13. Let y be v(14). Let q = 17 - y. Let a be ((-2)/3)/1*q. Calculate the highest common divisor of 176 and a.
16
Suppose -4*t = -3*n - 171, 0*n - 85 = -2*t + n. Let c be 210 - (-1 + -23 - -10). What is the greatest common divisor of t and c?
14
Suppose -13*k + 20 + 6 = 0. Suppose k*c - b - 196 = 4*b, 2*c - 184 = -b. Calculate the greatest common divisor of c and 3.
3
Let c be 101 - (5/75 - (-84)/90). Calculate the greatest common divisor of 4700 and c.
100
Let c be 159 - -5*(-12)/(-30). Let l be (0 + 19 - 1) + c + -159. What is the greatest common factor of l and 25?
5
Let p = 18459 - 12393. What is the greatest common factor of p and 18?
18
Suppose -14974 - 93746 = 7*t - 25*t. Calculate the greatest common factor of 120 and t.
40
Suppose 4*t + 576 - 1800 = 0. Suppose 3*v = -22 + 76. What is the highest common divisor of v and t?
18
Suppose -3*d + 2*j + 2*j = -98, j + 35 = d. Calculate the highest common divisor of d and 3290.
14
Let b(x) = -10*x**2 - 16*x. Let d be b(-2). Let a be (-1 - d) + -6 + 2. Calculate the greatest common factor of a and 6.
3
Let f be ((-9)/(-6))/(3/254). Suppose f*v - 122*v = 20. Suppose v*n + 4*n - 880 = 0. Calculate the greatest common divisor of n and 10.
10
Let b be 8018/38 - ((0 - 7) + 2). Calculate the highest common factor of 192 and b.
24
Let m(l) = 17*l**3 + 17*l - 10*l**2 - 20 - 18*l**3 - 26*l. Let a be m(-10). Calculate the highest common factor of a and 20.
10
Let i be (1 + 2)*((-2)/(-12) - 11081/(-42)). What is the greatest common factor of 32 and i?
8
Suppose -204*a + 14652 = -201*a. What is the greatest common divisor of 33 and a?
33
Let s be 4/42*3 + (-16425)/(-63). Suppose -2*g = -1247 + 1131. What is the highest common divisor of g and s?
29
Let w = 6097 - 5089. What is the highest common divisor of w and 567?
63
Let n(x) = x**2 - 6. Let q be (6/7)/((-1)/(-7)). Let u be n(q). Let l = u + -14. Calculate the highest common divisor of 32 and l.
16
Let o be 6/(-69) - 12360/690. Let x be 59*(0 + 17 + (o - -12)). Calculate the greatest common factor of x and 11.
11
Let v = 924 - 838. Calculate the greatest common factor of 1677 and v.
43
Let h = 5 - 2. Let v(l) = -l**3 - 50*l**2 - 2*l - 91. Let f be v(-50). Calculate the highest common divisor of f and h.
3
Suppose 118*k - 67215 - 197230 + 19595 = 0. Calculate the highest common divisor of 400 and k.
25
Let a be (13 - -3)*((-537)/(-36) - 12/(-36)). Calculate the greatest common divisor of a and 8.
4
Suppose -3*p = -2*s - 0*p - 69, 0 = 5*p + 25. Let w be 7*-680*9/s. Let c be (-2)/(-7) - w/(-105). What is the greatest common factor of 40 and c?
10
Let s(t) = 63*t**2 - 2*t - 22. Let i be s(-3). Suppose -122 = p - i. What is the highest common divisor of 78 and p?
39
Let j = 14 + 2. Let m be (3 + -1)*6/(-6). Let w be (4/3)/(m/(-216) + 0). What is the greatest common factor of w and j?
16
Let a = -4765 + 4839. Let w = 19 - -240. Calculate the greatest common factor of w and a.
37
Suppose -3*g = -5*k - 191, -5*g + 73*k = 72*k - 311. Let i = -4 - -6. Calculate the highest common divisor of i and g.
2
Let r(u) = -1076*u + 6741. Let w be r(6). What is the greatest common divisor of w and 885?
15
Let w be -5*1*(2 - 3) - 1. Let p(x) = 3*x**2 - 9*x - 2. Let v be p(w). Let c(z) = 4*z**2 + 4. Let n be c(3). What is the highest common divisor of v and n?
10
Let q be (736/(-24))/(2/(-3)). Suppose -k = -3*k + q. Suppose -195 = -z - 0*n + 3*n, 3*n - 12 = 0. Calculate the greatest common divisor of k and z.
23
Let r(g) = g + 13. Suppose o = -0*o. Let t be r(o). Suppose t*d = 17*d - 28. What is the greatest common factor of 7 and d?
7
Suppose 3*f + 27347 - 69795 - 58154 = 0. Calculate the highest common factor of 46 and f.
46
Let c = -12 + 12. Suppose u - 3*g = 28, u + 2*g + c = 3. Let a = u + 15. What is the highest common divisor of a and 4?
4
Suppose 12*y - 16*y + 1782 = 9*k, -y + 452 = -k. Calculate the highest common factor of y and 160.
10
Let g(h) = -51 + 6*h + 2*h + 129 - 55 + h**2. Let y be g(-4). Suppose -6*s + 5*s + 77 = 0. What is the highest common factor of y and s?
7
Let l = -652 + 661. Let z be (-43 + -8)*(-84)/l. What is the highest common factor of 28 and z?
28
Let f(t) = -t**2 + 12*t - 3. Let l be f(9). Let v be (4/(-6))/(l/(-684)). What is the greatest common factor of 133 and v?
19
Suppose -3*j = 9, -6*s - 35 = -4*s - j. Let m(v) = -5 + 2*v - 3 - v**3 - 19*v**2 - 3*v. Let h be m(s). What is the highest common factor of 1 and h?
1
Let n = -43 + -45. Let u = 95 + n. Suppose -u = -j + 5*g, 5*g = 4*j + 6*g - 91. Calculate the highest common divisor of 99 and j.
11
Suppose -20*i + 1374 + 226 = 0. Let y = 174 - 54. Calculate the highest common divisor of i and y.
40
Let t be (-42)/(-56)*-18*-16. Calculate the greatest common factor of 56 and t.
8
Suppose -600 = -31*t + 6*t. Suppose 243 = 5*l - 3*a, 5*l = 2*a - 3*a + 239. What is the highest common divisor of l and t?
24
Let f be (-4)/(-18) + 3542/99. Suppose -35*m - 256 = -f*m. What is the highest common factor of 16 and m?
16
Let l(i) = i**3 - i**2 - 15*i + 17. Let j be l(8). Let u = 380 - j. What is the highest common factor of u and 595?
35
Suppose -12219 = -3*m + 6*w - 3*w, 7*m - 2*w - 28486 = 0. What is the greatest common factor of 180 and m?
36
Let p be (6 + 1170/(-105))*-175. Calculate the greatest common factor of 162 and p.
18
Let f = 314 - 91. Calculate the greatest common divisor of f and 17617.
223
Let f(x) = 24*x**2 + 4*x + 233. Let j be f(6). What is the highest common factor of 236 and j?
59
Suppose 300 = 45*q - 0*q - 870. What is the greatest common factor of 526 and q?
2
Let p be 26881 - ((202/303)/((-2)/21) - -8). Calculate the greatest common divisor of p and 210.
210
Let p(c) = -c**2 + 27*c - 14. Let k be ((-90)/(-72))/((-1)/(-16)). Let d be p(k). What is the highest common factor of d and 315?
63
Suppose 7*u = -1586 + 4743. Suppose 0 = -z + 3*p + 57, 5*z - u + 176 = 5*p. What is the highest common divisor of z and 4?
2
Let x be (80/3)/(40/144). Let p(u) = 2 - 1 + 9*u - 3 + 5*u**2 - 6. Let q be p(-8). Calculate the greatest common factor of x and q.
48
Let z be (-3 - -4)/(1/(-2)). Let a be 9 + 0/(-1) + z. Suppose -931 = -15*c - 406. What is the highest common factor of a and c?
7
Let i(v) = 343*v**2 + 116*v - 19. Let f be i(3). Calculate the highest common divisor of f and 56.
56
Let w(i) = -15*i + 424. Let t be w(26). Calculate the greatest common factor of t and 1751.
17
Let r be 120 - 0/((-9)/3). Suppose -7*x = -519 - 41. What is the greatest common divisor of r and x?
40
Let c(b) = -9*b**2 + 36*b - 2. Let k be c(4). Let w be 56*(12/(-8) - k). Suppose -l = -w - 20. Calculate the greatest common factor of l and 112.
16
Let l = 50 - 30. Let v be (6/(-8)*-12 + -14)/(1/(-5)). Calculate the highest common divisor of l and v.
5
Let h be (-6)/9*-6 - -80. Let l(y) = 41*y + 1613. Let t be l(-25). Calculate the highest common divisor of h and t.
84
Let p(c) = 27*c - 6. Let w be p(3). Suppose -w*d + 6660 = -66*d. Calculate the highest common factor of d and 20.
20
Let r be (-468)/1365 + (-1)/(-5) - 533/(-7). Calculate the highest common divisor of 792 and r.
4
Suppose 390 = 255*o - 225*o. Let m = 4 + -6. Let y be m + (0 - (2 - 30)). What is the highest common divisor of y and o?
13
Let s be (9/(-4))/((-6)/432). Let w = 5825 + -5555. What is the greatest common divisor of w and s?
54
Let k(r) = 30*r - 14. Let g be k(1). Suppose 4*t = -g*t + 2720. Let i be (-1)/3 + (-50)/(-6). Calculate the greatest common divisor of t and i.
8
Suppose 0 = z + 4*b - 222 - 1099, -2*z + 2*b = -2602. What is the greatest common divisor of 360 and z?
45
Suppose -17*v + 15*v + 4414 = 4*r, -v = -5*r - 2